 - n + 5, 3*n + 1 + 2 = 0. Give u(i).
-5
Let j(u) = u**2 + 4*u + 3. Let q be j(-4). Suppose 3*l = -1 + 7. Let r(g) = 0*g - l*g - 4 - g - 11*g**2 + 13*g**2. What is r(q)?
5
Let q(s) = -2*s + 10. Let j(r) = -15 - 2*r + r + 4*r + 0*r. Let t(y) = -5*j(y) - 8*q(y). What is t(6)?
1
Let h(l) = -l + 2. Suppose 3*n - 2*n - 2*t - 5 = 0, -12 = -5*n - 3*t. What is h(n)?
-1
Suppose g + 18 = -5*n, 11*n - 6*n + 3 = 4*g. Let y be (-34)/(-8) + n/12. Let s(b) = 2 + 3 - 2 + 4*b - y. Calculate s(1).
3
Let z(c) = 2*c - 3*c - 1 - 2*c. Give z(4).
-13
Let z(u) = 156*u + 7 - 74*u - 80*u. Let q(k) = -k**2 + 5*k - 5. Let v be q(5). Determine z(v).
-3
Let b be -4 + 2 + 0 + -3. Let w be 12*(-1 - b/4). Let l(n) = -n**3 + 2*n**2 + 2*n - 2. Give l(w).
-5
Let d be (-2)/(-1 + 2/3). Suppose 2*f - d = 4. Let b(z) be the second derivative of z**3/6 - 7*z**2/2 - z. Determine b(f).
-2
Let c(i) = 7*i - 2. Let u(l) = -19*l + 6. Let r(x) = 8*c(x) + 3*u(x). Calculate r(-7).
9
Let s(d) be the first derivative of -5*d**3/3 + d**2/2 - 6. Suppose -2*q = -7 + 5. Calculate s(q).
-4
Let q(o) be the first derivative of -o**6/360 + o**5/24 - o**4/24 - 4*o**3/3 - 2. Let a(i) be the third derivative of q(i). Let l = -3 - -6. Give a(l).
5
Suppose y + 6 = -0*y. Let b(z) = -z**2 - 8*z - 7. Give b(y).
5
Let y(i) be the third derivative of -i**8/6720 - i**7/630 - i**5/40 + 5*i**4/24 - 5*i**2. Let v(f) be the second derivative of y(f). Give v(-4).
-3
Let a(n) = n + 1. Suppose 0 = -p - 3*g - 9, -3*g = 4*p + 35 - 8. Let u(w) = w**3 + 5*w**2 - 4*w + 7. Let k be u(p). Calculate a(k).
-4
Let f(d) = d - 1. Suppose -5*l - 20 = 0, 2*a = -7*l + 8*l - 14. Give f(a).
-10
Let c(q) = 4*q - 4. Suppose 2*p + 2*f = 2, -4*f - 5 = -2*p + 9. What is c(p)?
8
Let z = 6 + -8. Let r(u) = -4*u**3 + 3*u**2 + 3*u - 2. Let d(b) = 8*b**3 - 7*b**2 - 7*b + 5. Let c(v) = z*d(v) - 5*r(v). Determine c(-1).
-4
Let u = -5 + 5. Let w(m) = -m. Let a be w(u). Let p(q) = -q**3 + 12. What is p(a)?
12
Suppose 4*p = -0 + 8, 0 = m - p - 6. Let i(t) = 13*t**2 + 3 - 14*t**2 - 5 - m*t. What is i(-6)?
10
Suppose 3*k - 3*n + 2 = 5*k, n = 0. Let p(c) = 5*c**3 + 2*c**2 - 2*c + 1. Give p(k).
6
Let s(m) = 2*m - 1. Suppose -i - 3 = 5*f - 10, -3*i + 32 = 4*f. Suppose -5*d - i = 8. Let h = -6 - d. Give s(h).
-5
Suppose -2*x + 5*j + 17 = 0, -4*j - 19 = -4*x + j. Let n(o) = -10*o - 1. Determine n(x).
-11
Let c(h) = 3 + 2 + h - h - 3*h. Suppose 3*u - 16 = -u. Give c(u).
-7
Let z(n) be the first derivative of -n**2 + 8*n - 13. Determine z(7).
-6
Let i(g) be the first derivative of -g**4/4 - 4*g**3/3 - g**2 + g - 12. What is i(-4)?
9
Let p(s) = -2*s + 1. Let h be p(1). Let j be (-3)/3*(h + 0). Let g(q) = -6*q + 1. Determine g(j).
-5
Let l be 8 - (-3 - (-4 + -3)). Let p(d) = d**3 + 2*d**2 + d + 9. Let w(c) = c**3 + c**2 + c + 8. Let g(a) = 5*p(a) - 6*w(a). Calculate g(l).
-7
Let g(m) = -m**3 + 4. Let b(s) = s**3 - s**2 + s + 1. Let p(j) = 2*j**3 + j**2 + 7*j + 8. Let r(z) = -3*b(z) + p(z). Let f = 0 + 5. Let d be r(f). What is g(d)?
4
Suppose 0*x + 3*x = 5*k + 40, -17 = 2*k - x. Let t(d) = -3*d**2 + 7*d - 5. Let u(v) = -v**2 + 2*v - 2. Let g(i) = k*u(i) + 4*t(i). Calculate g(7).
-5
Let i(y) be the first derivative of -y**4/4 + 2*y**3 - 7*y**2/2 + 7*y + 65. Let v(j) = j + 13. Let n be v(0). Let l = -8 + n. Calculate i(l).
-3
Let w(a) = -a**3 + 3*a**2 + 4*a - 1. Let t be w(4). Let s(f) = -4*f**3 + f**2 + f. Let z be s(t). Let b(p) = 0 - 2*p - 2 - z. Calculate b(-4).
2
Let d(b) = -b + 4. Let x(m) = -3 + 3 + 2 - 3. Let t(w) = -2*d(w) - 6*x(w). Calculate t(-4).
-10
Suppose 0 = -3*r + 2*y + 11, 4*r - 5*y + 7 = 17. Let v(q) = -4*q + r*q - 2*q + 6. Suppose -4*w + 0*w = 0. Determine v(w).
6
Suppose -3*s + 5*s = y + 16, -2*s + 5*y + 32 = 0. Suppose -s*d = -d. Let v(k) be the third derivative of k**5/60 + k**4/24 + k**3/6 + k**2. What is v(d)?
1
Let r(p) = 4*p - 1 - 9*p + 0 + p**2 + 8. Let y = -8 + 28. Suppose -y = -5*c + c. Give r(c).
7
Suppose 2*x = 5*w + 12, 3*w + 7 + 5 = 0. Let t = x + 3. Let j(l) = l + 5. Let o(b) = 2*b + 9. Let i(v) = 11*j(v) - 6*o(v). Give i(t).
2
Let l(f) = -f**3 - 5*f**2 - 3*f - 2. Let g be 144/14 - (-4)/(-14). Suppose 2*v = -5*o + 4*v - g, v = -3*o - 17. What is l(o)?
-6
Suppose -g = 4*g + 10, -4*b = -2*g - 12. Let r(t) = b - t - 2 + 3. Let c be r(0). Let o(j) = j**2 - 3*j - 3. Calculate o(c).
-3
Let n(c) = -4*c + 4*c + 8*c + 10*c**2 - 9*c**2. What is n(-6)?
-12
Let w(b) = 5*b + 2. Suppose -t - 3*r + 21 = -0*r, 3*t - r = 33. Let p be 1/((-14)/t + 1). Let f be 0/2 - (8 + p). Calculate w(f).
-8
Let p(i) = 2*i**3 + i**2 - 2*i + 3. Let b be 18/8 + (-22)/88. Calculate p(b).
19
Let f(u) = 10*u - 11*u - 13 + 4 + 0. Calculate f(-4).
-5
Let k(h) = -3 + 4*h + 1 + h**2 + 0 + 8. Determine k(-4).
6
Suppose v = -2*q - 5, -4*v = -0*q + 5*q + 8. Let h(s) = -3*s + 4. Determine h(v).
-5
Let o(w) be the first derivative of w**6/120 - w**5/12 + 5*w**4/24 - w**3/2 - 3*w**2/2 + 1. Let s(j) be the second derivative of o(j). What is s(4)?
1
Let p(t) = t**2 + t + 1. Let g(d) = -6*d**2 - 5*d - 3. Let a(o) = -g(o) - 5*p(o). Determine a(3).
7
Let b(k) = k**3 - 5*k**2 + 5*k - 2. Let l(c) = -2*c + 21. Let y be l(9). Give b(y).
-5
Let v be 2/1 - 0/(-4) - 2. Let s(n) = 4 + 5 + n + 2. Calculate s(v).
11
Let j(d) = -11*d + 13 - d**3 - 8*d + 18*d. Determine j(0).
13
Suppose -4 = -4*v + 4. Let r = 0 + 6. Let w be (-3)/v*(-8)/r. Let d(g) = -g**3 + 3*g**2 - 1. Calculate d(w).
3
Let c = 21 - 21. Let m(y) be the third derivative of 0*y**3 + c*y - 1/24*y**4 - 1/60*y**5 + 0 - y**2. Give m(-3).
-6
Suppose 4*p + 1 = 5. Suppose -k - p + 3 = 0. Let n(b) = k + 5*b**3 - 3*b**3 - b + 0*b**2 - b**2 - b**2. Give n(2).
8
Let n(q) = 9*q**3 - 2*q**2 - 3*q + 19. Let r(k) = 5*k**3 - k**2 - 2*k + 10. Let f(i) = -6*n(i) + 11*r(i). Calculate f(-3).
-10
Let a(d) = -2*d - 5. Let n(x) = -x - 2. Let q(j) = 4*a(j) - 9*n(j). Let i be q(2). Suppose i = h - 5*h + 16. Let k(l) = -3*l + 6. Determine k(h).
-6
Let a(c) = -75*c + 65*c - c**2 - 12 + 0*c**2. What is a(-8)?
4
Let a(b) = 3*b - 1. Suppose -3*n - 14 = -11. Give a(n).
-4
Let c(s) = -4*s**2 + 1. Let i be (-5 - -6)/(2/4). Suppose -5*u = -i*b + b + 6, 3*b + 6 = 3*u. Determine c(u).
-15
Let f be (-8)/(-1 - (0 - -1)). Let s(q) = f*q + 4 - 1 - q**2 + 0. Determine s(5).
-2
Let v(i) = 6 - i**2 - 6*i - 14 + 2. Let g(x) = 2*x + 4. Let j be g(-5). Calculate v(j).
-6
Let x(d) = 1. Let s(m) = 2*m - 14. Let z(p) = 3*s(p) + 42*x(p). Calculate z(-1).
-6
Suppose -2*b + 4*a = 20, -2*a = 2*b - b - 2. Let d = 4 - b. Let n(f) = -2*f + 9. Give n(d).
-7
Let f(v) = -2*v**2 - 4*v + 1. Suppose -c + 0 + 6 = 0. Suppose -c = -2*n + 3*l, 0*l + 14 = -2*n - 2*l. Calculate f(n).
-5
Let t = 2 - 4. Let o(v) = -2*v**3 - 3*v**2 - v - 2. Calculate o(t).
4
Let k(x) be the second derivative of -x**4/12 - 4*x**3/3 + x**2/2 - 3*x. Let g be k(-8). Let c(q) = -7*q + 6*q - 8 - g. Give c(-5).
-4
Let q = -11 + 5. Let u(j) = -j - 9. Calculate u(q).
-3
Let w(r) = r + 3. Let t be (-5)/(-1*(-1 + 2)). Give w(t).
8
Let h be (-1 - -2)*(-1 - (-1)/1). Let j(n) = -n**3 - n**2 + n + 9. What is j(h)?
9
Let x = -5 + 9. Suppose -x*i + 2*f = -20, 0 = i + 2*i + 4*f + 7. Let p(j) = -3 + 0 - j**2 + j + 0*j**2. Determine p(i).
-9
Let b(d) be the first derivative of d**4/4 - 5*d**3/3 - 3*d**2 + d + 3. Calculate b(6).
1
Let n = 41 - 38. Let j(l) = l**2 - 2*l - 3. Let g(d) be the first derivative of 2*d**3/3 - 2*d**2 - 7*d + 1. Let u(w) = 2*g(w) - 5*j(w). What is u(n)?
-2
Let x be -5 - (0 - (0 + 0)). Suppose 3*g - 4 = 23. Let u(y) = -y + 1 - g + 0*y. Give u(x).
-3
Let g(m) = -5*m**2 - 5. Let w(i) = -i**2 - 1. Let d = -9 + 8. Let f(p) = d*g(p) + 4*w(p). Give f(1).
2
Let x(s) = 4 + 2 - 4 + s. Let v = 72 - 66. What is x(v)?
8
Let v be 3 - (-3 + 3 + 3). Let r(b) = b**2 - b - 6. What is r(v)?
-6
Suppose -2*f + 12 = f. Suppose -5*n + f*b - 45 = 0, -4*b + b + 30 = -3*n. Let g(l) = -2 + l - 1 + 0. Give g(n).
-8
Let p(o) = 14 + 2*o - 2*o**2 - 20 + 3*o**2. Calculate p(-5).
9
Let y(o) = -o**3 - 5*o**2 + 5*o + 5. Let n = -8 - -18. Let s be -4*(n/(-4) + 4). Give y(s).
11
Suppose -k - 2*k = -3. Let h(d) = 0*d - k - 2 + 2 + d. Determine h(3).
2
Suppose -3*g = -3*v - 6, 16 = -v + 5*g - 2. Let a = 3 - v. Let j(m) = -a - 3 - 2 - 5*m + 5. Determine j(-2).
9
Let v be 1 + (-5)/10*-2. Let h(s) be the third derivative of s**4/8 + s**3/3 + s**